 = -3*h, 5*h = f. Let n(x) = -x - x**3 + 5*x - 10 - x**2 - 3*x. What is n(l)?
-10
Let j(l) = -l + 4. Let i be ((-1)/(-1))/(3/21). Determine j(i).
-3
Let c(p) = p**2 - 2*p + 2. Suppose 0 = 5*n + 5, 5*i - 4*n = -9 - 2. Determine c(i).
17
Let a be (-10)/50 + (-22)/(-10). Suppose 0 = -0*l - l + a*n + 1, 3*n = -l + 1. Let p(x) = 3*x - 1. What is p(l)?
2
Let d(q) be the second derivative of q**6/120 + q**4/6 - q. Let z(k) be the third derivative of d(k). What is z(1)?
6
Suppose 0 = -4*u - 0*u - 24. Let c(h) = 7*h**3 + 2*h**2 - 2*h + 10. Let p(w) = w**3 + w**2 + w + 1. Let j(b) = u*p(b) + c(b). Determine j(5).
-11
Let o(r) = 1 - r - 4 + 1 - 1. Let c be ((-8)/(-1))/(2/4). Suppose -4*l = -0 + c. Determine o(l).
1
Suppose 4 - 1 = -i. Let o(v) be the first derivative of -v**5/120 - v**4/24 - v**3/3 + 3. Let m(r) be the third derivative of o(r). What is m(i)?
2
Let m(i) = -i**3 + 4*i**2 - 2*i - 2. Let o = 36 + -33. Determine m(o).
1
Let w be (-5)/(20/16) - -4. Let q(r) = -2*r + 13 - 4*r**2 + 3*r**2 - 5*r. Let o(x) = -x**2 - 6*x + 12. Let g(y) = 7*o(y) - 6*q(y). Determine g(w).
6
Suppose -1 + 4 = -3*b. Let h(u) = -9*u**2 - u - 1. Give h(b).
-9
Suppose -x + 3 = 0, 28 + 20 = -3*s + x. Suppose -3*n + c + 1 = -4, 7 = 2*n + 3*c. Let f be (n/(-6))/(5/s). Let z(p) = -7*p**2 + p. Determine z(f).
-6
Let u(h) = 2*h**3 - 2*h**2 - 7*h + 1. Suppose r - 5 = 6*r. Let m(z) = 2 - 3*z**2 + z - 3 + 4*z**2. Let t(g) = r*u(g) - 4*m(g). What is t(-2)?
5
Let g(l) be the first derivative of -l**2 + 4*l - 8. Calculate g(4).
-4
Let n = -6 + 3. Let m(t) be the first derivative of 5 + 0*t - 2/3*t**3 + 2*t**2 - 1/4*t**4. Give m(n).
-3
Let a = -6 + 2. Let k(s) be the first derivative of -1/2*s**2 - 2 + 2*s. Determine k(a).
6
Suppose -6*a + 3*a + f = -33, -3*a - f = -27. Suppose 2*b - a = 4. Let d(w) = w - 1. Let r(s) = -2*s + 2. Let z(y) = b*d(y) + 3*r(y). What is z(0)?
-1
Let t(b) = -b**2 - 3*b - 4. Suppose 0 = -l + 2*s - 4, 0 = 5*l - 2*s - 12. Suppose 2*g - a + 3 = 0, a + 6 = -l*g - 9. Determine t(g).
-4
Let f(w) = -4*w**2 + 4*w. Let x(q) = 11*q**2 - 12*q + 1. Suppose 4*j - 7 = -z + 1, -3*j = 5*z + 11. Let k(g) = j*x(g) + 8*f(g). Calculate k(2).
-1
Let j(v) = -v**3 + 2*v. Let b be j(2). Let i(r) be the second derivative of r**3/6 - r**2/2 - r. What is i(b)?
-5
Let v(g) be the second derivative of g**4/12 - 10*g. Suppose 0 = -2*o - 2*o - 2*n + 12, -4*n + 6 = 2*o. Suppose -o*i - 6 = -3. Determine v(i).
1
Let r(d) = -3*d - 42*d**2 + 1 + 45*d**2 + 2*d + d**3. What is r(-2)?
7
Let z(q) = 2 - 1 - q**2 - 4*q**3 + 0 + 5*q**3 - 2*q. Suppose -2*s + 0 + 2 = 0. Suppose -3*j - 4 + 3 = 4*g, -g - s = j. Give z(g).
1
Let d(a) = a**2 - 8*a + 12. Let i be d(4). Let u(j) = -1 + 3 - j**2 - 2*j + 0. Determine u(i).
-6
Let k(i) = i**3 + 7*i**2 + 7*i. Let d be 2/8 + 67/4. Let f = 28 - d. Suppose 5*n + 19 = -f. Give k(n).
-6
Let s(j) = 7*j**2 - 13*j + 1. Suppose h + 8 = -h. Let y = -3 + h. Let f(t) = 10*t**2 - 19*t + 1. Let u(g) = y*s(g) + 5*f(g). Give u(4).
-2
Let v be (1 - -1 - 0) + (7 - 3). Let q(h) = -h + 14. What is q(v)?
8
Let g = 115 - 73. Suppose -2*q = -2*f - g, -2*q + 2*f + f = -39. Let m(j) = -1 + 24*j + 2*j**2 - q*j. Calculate m(-1).
1
Let o(b) = b - 2. Let z be o(7). Suppose 5 = z*y, -5*r - 3*y = 7 + 5. Let p(s) = s**2 - s. Calculate p(r).
12
Let w(j) = 2*j + 5. Let t(r) = -8*r - 21. Let l(b) = 2*t(b) + 9*w(b). Determine l(-2).
-1
Let y be 18/(-24) + (-9)/(-12). Let k(c) = c**3 + c**2 - c + 1. Calculate k(y).
1
Let g(i) = i**2 + 4*i. Let o(j) = 2*j + 9. Let m be o(-7). Let x be (-1 - 2 - m) + -5. What is g(x)?
-3
Let f(l) = 6*l**2 - l + 1. Suppose 13 + 2 = 5*t. Let c be 6/(-4) + t/(-6). Let j be c/(-4) - 4/(-8). Give f(j).
6
Let v(f) = -f**3 + 7*f**2 + 2*f - 4. Let g be v(4). Let o be 2/(-7) - g/14. Let h(n) = n**2 + 6*n + 2. What is h(o)?
-6
Let g(y) = -y + 0 - 2 + 1. Give g(-3).
2
Suppose 5*m = 8*m + 12. Let r = -1 - m. Let y(a) be the second derivative of a**3/6 - a**2 - 2*a. Calculate y(r).
1
Let p(s) = 1. Let k(o) = -o + 4. Let t be 4 - (1 + -3 - -2). Suppose -t*y - 3 = -75. Let d(h) = y*p(h) - 4*k(h). Determine d(-2).
-6
Let t(g) = g**2 + g. Suppose -6*v + 9*v = 3. Let u(l) = -l**2 + 3*l - 1. Let n(x) = v*u(x) - 5*t(x). What is n(-1)?
-5
Let r(z) = -z**3 - 7*z**2 - 6*z - 9. Let h be (-14)/28 + (-253)/(-2). Let g be h/(-28)*(-4)/(-3). What is r(g)?
-9
Let g(o) be the third derivative of -1/24*o**4 - 1/2*o**3 + 0*o + 0 + o**2. Let t(r) = -r**2 + 9*r + 13. Let p be t(10). Calculate g(p).
-6
Let g(v) = -1 - 7 - 3*v + 8 - 3. What is g(-3)?
6
Let u(z) = z**2 + 4*z - 7. Let i(j) = -j**3 - 17*j**2 - 8*j - 11. Let q(a) = 6*a**2 + 3*a + 4. Let b(l) = 4*i(l) + 11*q(l). Let w be b(1). Determine u(w).
-2
Let h = -8 + 4. Let r(x) be the second derivative of -x**3/3 - 3*x**2/2 - 42*x. Calculate r(h).
5
Suppose 5*s = -0 + 15. Let r(i) = 6 + i - 2*i + 3 - s. Calculate r(0).
6
Let r(x) = -2*x - 7. Suppose 3 = g - 0. Let i(m) = -5*m**2 + m**2 + 4 + 3*m**2. Let z be i(g). Give r(z).
3
Let k(c) = -4 - c**2 + 3*c**2 - 3*c**2 + 0*c**2. Calculate k(0).
-4
Let t(h) = -h**3 - 4*h**2 + 5*h + 2. Suppose -o = o - 3*l - 7, -2*o - 2*l = -12. Let p = 33 - 33. Suppose p*i + 30 = -5*i + o*f, 0 = 3*f - 3. Give t(i).
2
Let a(j) = -j**3 - 4*j**2 - 1. Let f be a(-4). Let h(t) be the first derivative of -5*t**2/2 + 5. Determine h(f).
5
Let p(s) = -2*s + 9. Let i = -43 + 51. Give p(i).
-7
Let w(n) = -2*n + 7. Let h(k) = k - 6. Let c(v) = v - 7. Let b(f) = -3*c(f) + 4*h(f). Let g(l) = 15*b(l) + 6*w(l). Suppose 7*p - 2 = 12. Determine g(p).
3
Let i(v) be the second derivative of 0 + v**3 - 1/12*v**4 + 5*v**2 - v. Calculate i(7).
3
Let d(i) = -i**2 - 5*i + 7. Let j(v) = 3*v + 16. Let n be j(-7). Give d(n).
7
Let g be 104/18 + (-14)/(-63). Let h(a) = a**2 - 8*a + 3. Determine h(g).
-9
Let i(g) be the third derivative of -g**5/60 - g**4/24 + 2*g**3 - 3*g**2. Give i(0).
12
Suppose 3*d + 2 = 4*d. Let q(p) = -3*p - d*p - p**2 - p + 1 + 0*p. What is q(-5)?
6
Let i(x) = -x + 81*x**2 + 1 - 80*x**2 - 2*x + 0*x. Let w be 12/7 - (-4)/14. Calculate i(w).
-1
Suppose -3*f - 4*r + 3*r - 13 = 0, 0 = -4*f + 2*r - 24. Let h be (-3 + 1)/2 - -3. Let v(z) = -h*z + 2*z - z. Give v(f).
5
Let l(x) be the second derivative of x**3/2 + 3*x**2 - 2*x. Let g be l(5). Suppose 0 = -0*i + 5*i - f - g, 5*f = -i + 25. Let o(k) = k + 2. Determine o(i).
7
Let b = -1 + 1. Let o(a) be the third derivative of a**4/24 + 7*a**3/6 - 6*a**2. Give o(b).
7
Let z(s) be the third derivative of 5*s**2 - 1/6*s**3 - 1/120*s**6 + 0*s**4 + 0*s + 0 - 1/30*s**5. Calculate z(-3).
8
Suppose 5*f = 8*f. Let g(k) = k**2 - 3*k + 2. Let v be g(3). Let q(m) = 0*m - m - m**v + 1 + 3 - m**3. Determine q(f).
4
Let u(a) = -2*a. Let b(y) = y**2 + 7*y + 9. Let r be b(-6). What is u(r)?
-6
Let t(j) = -j**2 - 1. Let g(q) = -q**3 + 3*q**2 + q + 12. Let y(z) = g(z) + 2*t(z). Give y(0).
10
Let l(q) = q - 5. Suppose -4*z = 5*a - 42, 0*z - 33 = -4*a - 3*z. Determine l(a).
1
Let l = -37/2 + 19. Let m(r) be the second derivative of l*r**2 + 0 - r + 1/6*r**3. Determine m(-3).
-2
Let x(u) = 64*u - 28. Let n(d) = 7*d - 3. Let y(i) = -28*n(i) + 3*x(i). Determine y(1).
-4
Let s be (-1 - (-6)/(-4))*(-2 - -4). Let t(u) = -u**2 - 4*u + 2. Determine t(s).
-3
Let k(m) = -m**3 - 2*m**2 + 2. Suppose p - 2 - 12 = -2*i, -p = 3*i - 19. Suppose 4*b = i*b. Suppose -2*f - 3 - 1 = b. Determine k(f).
2
Suppose 4*n = 3*n + 9. Let z = 12 - n. Let r(w) = w**2 - 6*w - 1. What is r(z)?
-10
Let k(q) = 7*q. Let v(x) = -10*x. Let l(b) = -7*k(b) - 5*v(b). Let r(g) = -2*g**3 - 2*g**2 - 2. Let w be r(-2). What is l(w)?
6
Let p(c) = -4*c - 5. Let t(a) = 13*a + 16. Let l(d) = -d - 9. Let u be l(5). Let m(y) = u*p(y) - 4*t(y). Calculate m(-4).
-10
Suppose -4*v + 4*f + 28 = -8*v, 0 = 5*f + 20. Let y be 4 + 5 + -3 + v. Let u(s) = -s**3 + 2*s**2 + s. Determine u(y).
-6
Let i(z) = -z**3 + 4*z**2 - 4. Let s be i(3). Suppose -6 = h - s*h - 2*n, 5*h - 4*n = -12. Let v(g) be the first derivative of g**3/3 + 4*g + 4. Calculate v(h).
4
Let q = 3 - 1. Let r(a) = 6 + a**q + 3*a + a**2 - 3*a**2. Let x(g) = g**2 + g - 7. Let w be x(-4). What is r(w)?
-4
Let b(a) = a**2 - 3*a. Suppose 5*j = -4*l - 9, -2*l + 17 = -j + 4. Let y = j + 10. What is b(y)?
10
Let a be 2/11 - (-105)/(-33). Let b be a/4 - (-60)/16. Let p(m) = -4*m - 3. Calculate p(b).
-15
Le